{"id":654,"date":"2025-05-19T23:15:22","date_gmt":"2025-05-20T02:15:22","guid":{"rendered":"https:\/\/alfabeclicando.com.br\/?page_id=654"},"modified":"2025-05-19T23:15:22","modified_gmt":"2025-05-20T02:15:22","slug":"projeto-de-extensao","status":"publish","type":"page","link":"https:\/\/alfabeclicando.com.br\/?page_id=654","title":{"rendered":"Projeto de Extens\u00e3o"},"content":{"rendered":"\n<p class=\"has-text-align-center\">Em reconhecimento ao trabalho realizado pela Pesquisa Alfabeclicando em nossa comunidade acad\u00eamica, a sua Coordenadora Prof\u00aa Dra. Luciene Vales foi convidada a lecionar na primeira Disciplina Extensionista do ISERJ em 2024, em resposta \u00e0 Resolu\u00e7\u00e3o CNE\/CES N\u00ba 7, de 18\/12\/2018 que estabelece as Diretrizes para a Extens\u00e3o na Educa\u00e7\u00e3o Superior Brasileira. Esta legisla\u00e7\u00e3o est\u00e1 vinculada \u00e0 Meta 12, do Plano Nacional de Educa\u00e7\u00e3o (PNE) 2014-2024, que visa ampliar as matr\u00edculas na Educa\u00e7\u00e3o Superior. <\/p>\n\n\n\n<p class=\"has-text-align-center\">Para produzir esta disciplina, foi criado o Projeto de Extens\u00e3o Jogoteca do Joy, que \u00e9 um desdobramento da Pesquisa Alfabeclicando. No Projeto de Extens\u00e3o s\u00e3o utilizados jogos plugados e desplugados para alfabetiza\u00e7\u00e3o e Metodologias ativas, para o refor\u00e7o escolar de crian\u00e7as da Educa\u00e7\u00e3o Infantil e do1\u00ba ano dos Anos Iniciais, do GET Elza Soares e do CAp ISERJ.<\/p>\n\n\n\n<p class=\"has-text-align-center\">S\u00e3o matriculados por semestre, em m\u00e9dia, cerca de 25 alunos da Licenciatura em Pedagogia do ISERJ. E foram atendidas at\u00e9 o momento 60 crian\u00e7as do 1\u00ba Ano do GET Elza Soares, 50 crian\u00e7as do 1\u00ba Ano do CAp\/ISERJ e 40 crian\u00e7as da Educa\u00e7\u00e3o Infantil tamb\u00e9m do CAp ISERJ. Muitos jogos utilizados s\u00e3o produzidos pelos pr\u00f3prios alunos da gradua\u00e7\u00e3o.<\/p>\n\n\n\n<p>\u00c9 esperado com este trabalho, que as crian\u00e7as participantes consigam ser completamente alfabetizadas at\u00e9 o 2\u00ba ano; na idade certa; e que a forma\u00e7\u00e3o inicial dos licenciandos como alfabetizadores, seja aprimorada, a partir das experi\u00eancias oriundas do cotidiano escolar de uma escola p\u00fablica.<\/p>\n\n\n\n<p><\/p>\n","protected":false},"excerpt":{"rendered":"<p>Em reconhecimento ao trabalho realizado pela Pesquisa Alfabeclicando em nossa comunidade acad\u00eamica, a sua Coordenadora Prof\u00aa Dra. Luciene Vales foi convidada a lecionar na primeira Disciplina Extensionista do ISERJ em 2024, em resposta \u00e0 Resolu\u00e7\u00e3o CNE\/CES N\u00ba 7, de 18\/12\/2018 que estabelece as Diretrizes para a Extens\u00e3o na Educa\u00e7\u00e3o Superior Brasileira. Esta legisla\u00e7\u00e3o est\u00e1 vinculada &#8230; <a title=\"Projeto de Extens\u00e3o\" class=\"read-more\" href=\"https:\/\/alfabeclicando.com.br\/?page_id=654\">Read more<span class=\"screen-reader-text\">Projeto de Extens\u00e3o<\/span><\/a><\/p>\n","protected":false},"author":1,"featured_media":0,"parent":0,"menu_order":0,"comment_status":"closed","ping_status":"closed","template":"","meta":{"om_disable_all_campaigns":false,"_monsterinsights_skip_tracking":false,"_monsterinsights_sitenote_active":false,"_monsterinsights_sitenote_note":"","_monsterinsights_sitenote_category":0,"footnotes":""},"class_list":["post-654","page","type-page","status-publish"],"_links":{"self":[{"href":"https:\/\/alfabeclicando.com.br\/index.php?rest_route=\/wp\/v2\/pages\/654","targetHints":{"allow":["GET"]}}],"collection":[{"href":"https:\/\/alfabeclicando.com.br\/index.php?rest_route=\/wp\/v2\/pages"}],"about":[{"href":"https:\/\/alfabeclicando.com.br\/index.php?rest_route=\/wp\/v2\/types\/page"}],"author":[{"embeddable":true,"href":"https:\/\/alfabeclicando.com.br\/index.php?rest_route=\/wp\/v2\/users\/1"}],"replies":[{"embeddable":true,"href":"https:\/\/alfabeclicando.com.br\/index.php?rest_route=%2Fwp%2Fv2%2Fcomments&post=654"}],"version-history":[{"count":1,"href":"https:\/\/alfabeclicando.com.br\/index.php?rest_route=\/wp\/v2\/pages\/654\/revisions"}],"predecessor-version":[{"id":656,"href":"https:\/\/alfabeclicando.com.br\/index.php?rest_route=\/wp\/v2\/pages\/654\/revisions\/656"}],"wp:attachment":[{"href":"https:\/\/alfabeclicando.com.br\/index.php?rest_route=%2Fwp%2Fv2%2Fmedia&parent=654"}],"curies":[{"name":"wp","href":"https:\/\/api.w.org\/{rel}","templated":true}]}}