{"id":556,"date":"2023-09-30T15:44:21","date_gmt":"2023-09-30T18:44:21","guid":{"rendered":"https:\/\/alfabeclicando.com.br\/?page_id=556"},"modified":"2023-09-30T15:44:21","modified_gmt":"2023-09-30T18:44:21","slug":"premiacoes","status":"publish","type":"page","link":"https:\/\/alfabeclicando.com.br\/?page_id=556","title":{"rendered":"Premia\u00e7\u00f5es"},"content":{"rendered":"\n<p>A Pesquisa Alfabeclicando recebeu as seguintes premia\u00e7\u00f5es:<\/p>\n\n\n\n<ul class=\"wp-block-list\"><li>2022 &#8211; XVI Feira de Ci\u00eancia, Tecnologia e Inova\u00e7\u00e3o (FECTI), organizada pela Funda\u00e7\u00e3o Cecierj &#8211; 4\u00ba lugar com medalha na categoria interdisciplinar:<\/li><\/ul>\n\n\n\n<figure class=\"wp-block-gallery has-nested-images columns-default is-cropped wp-block-gallery-1 is-layout-flex wp-block-gallery-is-layout-flex\">\n<figure class=\"wp-block-image size-large\"><img loading=\"lazy\" decoding=\"async\" width=\"561\" height=\"527\" data-id=\"557\" src=\"https:\/\/alfabeclicando.com.br\/wp-content\/uploads\/2023\/09\/premiacaofecti02.png\" alt=\"\" class=\"wp-image-557\" srcset=\"https:\/\/alfabeclicando.com.br\/wp-content\/uploads\/2023\/09\/premiacaofecti02.png 561w, https:\/\/alfabeclicando.com.br\/wp-content\/uploads\/2023\/09\/premiacaofecti02-300x282.png 300w\" sizes=\"auto, (max-width: 561px) 100vw, 561px\" \/><\/figure>\n\n\n\n<figure class=\"wp-block-image size-large\"><img loading=\"lazy\" decoding=\"async\" width=\"1024\" height=\"681\" data-id=\"558\" src=\"https:\/\/alfabeclicando.com.br\/wp-content\/uploads\/2023\/09\/tecti202201-1024x681.jpeg\" alt=\"\" class=\"wp-image-558\" srcset=\"https:\/\/alfabeclicando.com.br\/wp-content\/uploads\/2023\/09\/tecti202201-1024x681.jpeg 1024w, https:\/\/alfabeclicando.com.br\/wp-content\/uploads\/2023\/09\/tecti202201-300x199.jpeg 300w, https:\/\/alfabeclicando.com.br\/wp-content\/uploads\/2023\/09\/tecti202201-768x511.jpeg 768w, https:\/\/alfabeclicando.com.br\/wp-content\/uploads\/2023\/09\/tecti202201.jpeg 1280w\" sizes=\"auto, (max-width: 1024px) 100vw, 1024px\" \/><\/figure>\n<\/figure>\n\n\n\n<p>Link para reportagem: <a href=\"http:\/\/www.faetec.rj.gov.br\/index.php\/institucional\/assessoria-de-comunicacao\/noticias\/1862-alunos-da-faetec-sao-os-grandes-vencedores-na-16-fecti-com-tres-premiacoes\" target=\"_blank\" rel=\"noreferrer noopener\">http:\/\/www.faetec.rj.gov.br\/index.php\/institucional\/assessoria-de-comunicacao\/noticias\/1862-alunos-da-faetec-sao-os-grandes-vencedores-na-16-fecti-com-tres-premiacoes<\/a><\/p>\n\n\n\n<p><\/p>\n\n\n\n<ul class=\"wp-block-list\"><li>2022 &#8211; Pr\u00eamio Paulo Freire, concedido pela Comiss\u00e3o de Educa\u00e7\u00e3o da Assembl\u00e9ia Legislativa do Estado do Rio de Janeiro, na categoria Ensino Superior:<\/li><\/ul>\n\n\n\n<figure class=\"wp-block-gallery has-nested-images columns-default is-cropped wp-block-gallery-2 is-layout-flex wp-block-gallery-is-layout-flex\">\n<figure class=\"wp-block-image size-large\"><img loading=\"lazy\" decoding=\"async\" width=\"1024\" height=\"681\" data-id=\"559\" src=\"https:\/\/alfabeclicando.com.br\/wp-content\/uploads\/2023\/09\/paulofreire2-1024x681.jpg\" alt=\"\" class=\"wp-image-559\" srcset=\"https:\/\/alfabeclicando.com.br\/wp-content\/uploads\/2023\/09\/paulofreire2-1024x681.jpg 1024w, https:\/\/alfabeclicando.com.br\/wp-content\/uploads\/2023\/09\/paulofreire2-300x199.jpg 300w, https:\/\/alfabeclicando.com.br\/wp-content\/uploads\/2023\/09\/paulofreire2-768x511.jpg 768w, https:\/\/alfabeclicando.com.br\/wp-content\/uploads\/2023\/09\/paulofreire2.jpg 1280w\" sizes=\"auto, (max-width: 1024px) 100vw, 1024px\" \/><\/figure>\n<\/figure>\n\n\n\n<p>Link para reportagem: <a href=\"http:\/\/www.faetec.rj.gov.br\/index.php\/institucional\/assessoria-de-comunicacao\/noticias\/1849-professores-da-faetec-recebem-premio-paulo-freire-concedido-a-ideias-pedagogicas-transformadoras\" target=\"_blank\" rel=\"noreferrer noopener\">http:\/\/www.faetec.rj.gov.br\/index.php\/institucional\/assessoria-de-comunicacao\/noticias\/1849-professores-da-faetec-recebem-premio-paulo-freire-concedido-a-ideias-pedagogicas-transformadoras<\/a><\/p>\n","protected":false},"excerpt":{"rendered":"<p>A Pesquisa Alfabeclicando recebeu as seguintes premia\u00e7\u00f5es: 2022 &#8211; XVI Feira de Ci\u00eancia, Tecnologia e Inova\u00e7\u00e3o (FECTI), organizada pela Funda\u00e7\u00e3o Cecierj &#8211; 4\u00ba lugar com medalha na categoria interdisciplinar: Link para reportagem: http:\/\/www.faetec.rj.gov.br\/index.php\/institucional\/assessoria-de-comunicacao\/noticias\/1862-alunos-da-faetec-sao-os-grandes-vencedores-na-16-fecti-com-tres-premiacoes 2022 &#8211; Pr\u00eamio Paulo Freire, concedido pela Comiss\u00e3o de Educa\u00e7\u00e3o da Assembl\u00e9ia Legislativa do Estado do Rio de Janeiro, na categoria Ensino &#8230; <a title=\"Premia\u00e7\u00f5es\" class=\"read-more\" href=\"https:\/\/alfabeclicando.com.br\/?page_id=556\">Read more<span class=\"screen-reader-text\">Premia\u00e7\u00f5es<\/span><\/a><\/p>\n","protected":false},"author":1,"featured_media":0,"parent":0,"menu_order":0,"comment_status":"closed","ping_status":"closed","template":"","meta":{"om_disable_all_campaigns":false,"_monsterinsights_skip_tracking":false,"_monsterinsights_sitenote_active":false,"_monsterinsights_sitenote_note":"","_monsterinsights_sitenote_category":0,"footnotes":""},"class_list":["post-556","page","type-page","status-publish"],"_links":{"self":[{"href":"https:\/\/alfabeclicando.com.br\/index.php?rest_route=\/wp\/v2\/pages\/556","targetHints":{"allow":["GET"]}}],"collection":[{"href":"https:\/\/alfabeclicando.com.br\/index.php?rest_route=\/wp\/v2\/pages"}],"about":[{"href":"https:\/\/alfabeclicando.com.br\/index.php?rest_route=\/wp\/v2\/types\/page"}],"author":[{"embeddable":true,"href":"https:\/\/alfabeclicando.com.br\/index.php?rest_route=\/wp\/v2\/users\/1"}],"replies":[{"embeddable":true,"href":"https:\/\/alfabeclicando.com.br\/index.php?rest_route=%2Fwp%2Fv2%2Fcomments&post=556"}],"version-history":[{"count":1,"href":"https:\/\/alfabeclicando.com.br\/index.php?rest_route=\/wp\/v2\/pages\/556\/revisions"}],"predecessor-version":[{"id":560,"href":"https:\/\/alfabeclicando.com.br\/index.php?rest_route=\/wp\/v2\/pages\/556\/revisions\/560"}],"wp:attachment":[{"href":"https:\/\/alfabeclicando.com.br\/index.php?rest_route=%2Fwp%2Fv2%2Fmedia&parent=556"}],"curies":[{"name":"wp","href":"https:\/\/api.w.org\/{rel}","templated":true}]}}